 4*d + 22, 5*w + 5*d - 80 = 0. What is the greatest common factor of 17 and w?
17
Let a be (-958)/(-10) + 8/(-10). Suppose 10*x - 37 = 13. Calculate the highest common divisor of a and x.
5
Let n = 4765 + -3085. Calculate the highest common factor of 180 and n.
60
Suppose -3*n = -3*d - 1 + 4, 3*d - 4*n = 1. Suppose d*g = 75 + 69. Let l be (1/(-2))/((-2)/g). What is the highest common factor of l and 36?
12
Suppose 7*h + 5*q - 65 = 2*h, 3*q = -4*h + 50. Let d(m) = -m**3 + 11*m**2 + 5*m - 130. Let v be d(9). Calculate the greatest common divisor of h and v.
11
Let q(o) = -o**2 + 16*o + 42. Let y be q(18). Suppose -23 = y*u - 59. Calculate the greatest common divisor of u and 2.
2
Suppose -10*q + 6*q = -40. Suppose -5*p = -3*x - 32, -p + 6*p - 40 = 5*x. Let w be x/2 - (2 - 29). Calculate the greatest common factor of w and q.
5
Let f be (-2)/7 - 142/(-7). Let c be f/(1 + 2 + -2). Let x(i) = 5*i. Let p be x(6). Calculate the highest common factor of c and p.
10
Suppose -74*w - 1274 = -76*w. What is the greatest common divisor of w and 91?
91
Suppose 31*p - 30*p + 3*d = 33, 2*p = -2*d + 46. Let i(k) = 6*k**2 - 7 - 2*k + 0 + 1. Let j be i(6). What is the greatest common divisor of j and p?
18
Suppose 11*q = 14*q - 9. What is the highest common factor of 93 and q?
3
Suppose 4*n + 60 = 2*u, -5*u - n - 33 + 205 = 0. Calculate the greatest common divisor of u and 119.
17
Let s be 395 - -3 - (-2 + 3 + -3). Suppose 659 = 5*d + 4*n - 3*n, -3*d + 4*n = -s. Calculate the greatest common factor of d and 12.
12
Let l be 237*(-1 - 4/(-3)). Suppose -5*f + 71 + l = 0. Calculate the highest common divisor of f and 45.
15
Suppose -3*i = 68 + 256. Let o = i - -124. Calculate the greatest common factor of 64 and o.
16
Suppose 2*a = 4*a - 26. Let x = 9 + a. Suppose 5*i + h - 52 = 0, -3*i + 2*h = -x - 4. What is the greatest common divisor of i and 110?
10
Suppose 15*i - 29*i + 196 = 0. What is the highest common divisor of i and 238?
14
Let a(f) = -f**3 + 3*f**2 - f - 2. Let x be a(2). Let y be x + (-2)/(-5) - 24/(-15). What is the highest common factor of 8 and y?
2
Let m = -11 + -2. Let r = m + 21. Let i = -3 + r. What is the highest common factor of 2 and i?
1
Suppose 0*x - r + 21 = -2*x, -2*x = -3*r + 31. Let o be 2/x - 279/24*-2. Calculate the highest common divisor of o and 138.
23
Let s(w) = 18*w - 224. Let c be s(34). Calculate the greatest common factor of 4 and c.
4
Let b be -3*(-2)/42 - (-123)/21. Suppose 3*y + 4 - 16 = 0. Let l be y/(-14) + 60/14. Calculate the greatest common factor of b and l.
2
Let x be -4 - -1 - (78 + -15). Let u = x + 81. Calculate the greatest common divisor of u and 120.
15
Let w be 2/(-5) + (-83)/5. Let a = 465 + -435. Let i = a + w. What is the highest common divisor of 13 and i?
13
Let d = 4 - -3. What is the highest common factor of 49 and d?
7
Suppose -6*i + 271 = -101. What is the greatest common factor of 93 and i?
31
Let f be 108/45*10/(-3). Let t(n) = n - 1. Let r(m) = -15*m + 7. Let j(g) = 2*r(g) + 22*t(g). Let c be j(f). Calculate the greatest common divisor of 14 and c.
14
Suppose 18*o - 3990 = -o. Calculate the highest common factor of 126 and o.
42
Suppose -23 - 25 + 9 = -c. Let v = -10 - -23. What is the greatest common divisor of c and v?
13
Let k = 16 + -11. Suppose -1 = x - 23. Suppose -t + x = 7. Calculate the greatest common divisor of t and k.
5
Let a(r) = r**3 - 2*r**2 - 3*r + 4. Let f = 8 - 4. Let c be a(f). Suppose 5*l = 6 + c. Calculate the highest common divisor of 6 and l.
6
Suppose -2*q + 63 = g - 86, 0 = 4*g - 20. Let b(k) = k**2 + 10*k + 3. Let h be b(-4). Let z = h + 29. What is the greatest common divisor of z and q?
8
Suppose -1005 = 57*r - 4710. What is the greatest common divisor of 26 and r?
13
Suppose 93 = 2*m - 547. What is the greatest common factor of 40 and m?
40
Let f(w) = -2*w**2 - 16*w. Let j be f(-3). What is the greatest common factor of j and 35?
5
Let z be (-3)/(-2) - 19/(76/(-1650)). What is the highest common factor of 46 and z?
46
Suppose -3*z - 39 = -3*j, -64 = 2*j - 7*j + 4*z. Suppose 552 - 192 = j*o. Calculate the highest common divisor of o and 70.
10
Let i be -1*(-10)/(-65) + 2920/52. What is the highest common divisor of 1372 and i?
28
Let y be 774/10 - 6/15. Suppose -2*w + a + 159 = 0, -w + y = a - 4*a. Let q be (10*192/40)/(3/2). What is the highest common factor of w and q?
16
Let h(k) = 4*k - 8. Let l be h(17). Calculate the highest common divisor of 200 and l.
20
Let l be 651/84 - 1/(-4). What is the greatest common factor of l and 36?
4
Let t be (7/((-126)/78))/((-2)/66). What is the greatest common divisor of 39 and t?
13
Let p be 2 - 5 - 0/(-2). Let h be (-10)/15 + (-11)/p. Suppose -4*n + 7*n - 3 = 4*y, h*y - 4 = n. What is the highest common divisor of 1 and y?
1
Suppose -8*m - 4*y + 104 = -4*m, 4*y + 139 = 5*m. Let a be (-1 + 22/4)*4. Calculate the greatest common divisor of m and a.
9
Suppose 12*v = 530 + 1234. Calculate the highest common divisor of 63 and v.
21
Let n = 21 + -36. Let j be (-6)/n - 256/(-10). Suppose -30*q + 8554 = 17*q. What is the greatest common divisor of q and j?
26
Suppose -3*a - 61 = 4*p, -22 = 2*a - p - p. Let v = 112 - 72. Let d be (9/(-4))/(a/v). What is the greatest common divisor of d and 6?
6
Suppose -322 = -2*j + y, -2*j = 5*y + 118 - 428. Let p be 34 + 2*(-2 - -1). What is the highest common divisor of j and p?
32
Let n be 976/18 - 18/81. Calculate the highest common factor of n and 72.
18
Suppose 8*v = 3*v + 5. Suppose -5*y - 3*m = -29, 4*y - 21*m - 10 = -19*m. Calculate the greatest common divisor of y and v.
1
Let m be (-9)/(-2)*(-54)/(-81) + 187. What is the highest common factor of 50 and m?
10
Let t(k) = -139*k + 1. Let i be t(-1). Let n be (-462)/(-8) - 2 - 345/(-1380). Calculate the greatest common factor of i and n.
28
Let j be (2/(-4) + 1)*152. Suppose 4*p - 6*p + 40 = 0. Let y = p + -1. Calculate the greatest common factor of j and y.
19
Let s = -52 - -59. Calculate the highest common factor of s and 14.
7
Suppose 0 = 3*r + r - 52. Suppose g - 165 = -74. What is the highest common factor of r and g?
13
Let c = 16 - -50. Let w(r) be the third derivative of r**5/15 + 2*r**4/3 + r**3/3 - 9*r**2. Let v be w(-5). Calculate the greatest common factor of c and v.
22
Suppose -c - 5*c + 270 = 0. Suppose 0 = -x - 3*x + 12. Suppose -4*s + 5*a = -c - 20, x*s - a = 46. What is the highest common factor of 5 and s?
5
Let h(z) = 61*z + 1041. Let y be h(-17). What is the greatest common divisor of 316 and y?
4
Suppose l - 4*d - 58 = 0, 4*l = d + 2*d + 297. Suppose -2*q + l = q. Calculate the greatest common factor of q and 39.
13
Suppose 0 = 15*j - 23*j + 32. What is the greatest common divisor of 52 and j?
4
Suppose v = -2*v + 54. Suppose -10*q = -171 + 51. What is the greatest common divisor of q and v?
6
Suppose 26*f - f - 11500 = 0. What is the greatest common divisor of 20 and f?
20
Let m = 32 - 28. Suppose -5*v - b = -215, -62 = -v - m*b - 0*b. What is the highest common factor of v and 63?
21
Suppose -6 = -5*u + 4*u. Suppose -5*n + 65 = -5*v, 3*n + 2*v + 40 = u*n. What is the greatest common divisor of n and 196?
14
Let w = 71 - 67. Suppose -4*l + 5*m = -241, 143 = -2*l + w*l + 5*m. Calculate the greatest common divisor of 160 and l.
32
Suppose b + 2*b = -5*f + 65, -3*b + 81 = -3*f. Suppose 11*u = 6*u - h + 84, 5*u - 82 = -3*h. Let v = b - u. Calculate the highest common divisor of 16 and v.
8
Let j be (-27)/(-189) + (-10203)/(-21) + 6. What is the greatest common factor of 72 and j?
12
Let q be ((-30)/75)/(8/10)*-72. What is the highest common factor of q and 9?
9
Suppose 15*d - 30*d + 225 = 0. Let p = 74 + -31. Suppose d = -4*s + p. Calculate the greatest common factor of s and 35.
7
Let j be (-24)/(-18)*(-2718)/(-4). Let v = -642 + j. Calculate the greatest common factor of v and 24.
24
Let r be ((-12)/(-10))/((-10)/(-375)). Calculate the greatest common divisor of 45 and r.
45
Let j = 258 - 222. Calculate the highest common divisor of 972 and j.
36
Let n(y) = 15*y + 71. Let c be n(10). What is the highest common factor of 13 and c?
13
Suppose 0 = i + 41 - 256. What is the highest common divisor of 86 and i?
43
Let l(o) = 3*o**3 + 25*o**2 + 10*o + 15. Let f be l(-7). What is the highest common factor of f and 188?
47
Let q b